7, 32173
What are the prime factors of 21643580?
2, 5, 7, 31, 4987
List the prime factors of 1290552938.
2, 645276469
What are the prime factors of 265300529?
13, 61, 97, 3449
What are the prime factors of 137981231?
17, 8116543
List the prime factors of 1114404182.
2, 31, 53, 339137
What are the prime factors of 33957751?
109, 311539
List the prime factors of 281920911.
3, 17, 5527861
List the prime factors of 46360583.
67, 691949
What are the prime factors of 68929991?
13, 5302307
What are the prime factors of 22873849?
22873849
What are the prime factors of 18733388?
2, 17, 275491
List the prime factors of 80871182.
2, 7, 19, 59, 5153
What are the prime factors of 191215512?
2, 3, 885257
What are the prime factors of 7487249952?
2, 3, 7, 13, 31, 27647
List the prime factors of 277102318.
2, 47, 2947897
What are the prime factors of 22922277?
3, 7, 37, 29501
What are the prime factors of 33241691?
7, 4748813
List the prime factors of 52074277.
23, 2264099
List the prime factors of 453717066.
2, 3, 11, 79, 173, 503
List the prime factors of 100749230.
2, 5, 10074923
List the prime factors of 514145476.
2, 13, 9887413
What are the prime factors of 125030648?
2, 17, 41, 1319
List the prime factors of 737.
11, 67
What are the prime factors of 83953496?
2, 11, 23, 41479
List the prime factors of 222191546.
2, 23, 41, 117811
What are the prime factors of 5934081?
3, 1978027
List the prime factors of 48880477.
3907, 12511
What are the prime factors of 61387103?
61387103
What are the prime factors of 126854332?
2, 11, 379, 7607
List the prime factors of 177824363.
19, 9359177
List the prime factors of 6236896076.
2, 31, 89, 491, 1151
What are the prime factors of 431432828?
2, 31, 1201, 2897
List the prime factors of 1160755099.
7, 23, 47, 211, 727
What are the prime factors of 1893272930?
2, 5, 189327293
What are the prime factors of 20762610?
2, 3, 5, 11, 17, 3701
List the prime factors of 2636681148.
2, 3, 19, 3854797
List the prime factors of 386368550.
2, 5, 7727371
What are the prime factors of 239988567?
3, 7, 13, 787, 1117
List the prime factors of 415257864.
2, 3, 7, 101, 24473
List the prime factors of 466885773.
3, 17, 1049, 2909
List the prime factors of 60712242.
2, 3, 53, 71, 2689
List the prime factors of 319523419.
211, 1514329
What are the prime factors of 12642769?
163, 77563
List the prime factors of 31706084.
2, 53, 347, 431
List the prime factors of 44908959.
3, 14969653
List the prime factors of 383894173.
13, 23, 31, 83, 499
List the prime factors of 25308833.
11, 2300803
List the prime factors of 999009886.
2, 7, 257, 277657
What are the prime factors of 165520372?
2, 41380093
List the prime factors of 75265363.
37, 487, 4177
What are the prime factors of 76122082?
2, 71, 661, 811
What are the prime factors of 52329346?
2, 26164673
List the prime factors of 703073956.
2, 13, 13520653
List the prime factors of 38216589.
3, 1997, 6379
What are the prime factors of 346926682?
2, 181, 958361
List the prime factors of 675963354.
2, 3, 11, 43, 59, 367
What are the prime factors of 84894776?
2, 10611847
List the prime factors of 122480040.
2, 3, 5, 1020667
What are the prime factors of 1080739432?
2, 47, 2874307
List the prime factors of 2205663711.
3, 735221237
List the prime factors of 1424155094.
2, 712077547
List the prime factors of 22203623.
13, 797, 2143
List the prime factors of 714210982.
2, 357105491
List the prime factors of 28294633.
29, 41, 53, 449
List the prime factors of 965763627.
3, 1867, 172427
What are the prime factors of 5997680680?
2, 5, 8713, 17209
What are the prime factors of 439717335?
3, 5, 23, 191, 6673
What are the prime factors of 1033447185?
3, 5, 37, 620689
List the prime factors of 2568456337.
757, 3392941
What are the prime factors of 1955481768?
2, 3, 27159469
What are the prime factors of 822586066?
2, 411293033
What are the prime factors of 458287788?
2, 3, 7, 23, 47, 103
List the prime factors of 60175880.
2, 5, 79, 137, 139
What are the prime factors of 3521049468?
2, 3, 293420789
What are the prime factors of 10144115?
5, 547, 3709
List the prime factors of 360640247.
11, 2753, 11909
List the prime factors of 1815891199.
19, 95573221
What are the prime factors of 3830996321?
35111, 109111
List the prime factors of 1145800989.
3, 2963, 42967
List the prime factors of 626890218.
2, 3, 19, 289423
List the prime factors of 32556984.
2, 3, 167, 8123
What are the prime factors of 870104791?
19, 45794989
List the prime factors of 370830940.
2, 5, 47, 394501
List the prime factors of 190782316.
2, 97, 491707
List the prime factors of 130890115.
5, 157, 166739
List the prime factors of 36494336.
2, 157, 227
List the prime factors of 3704687.
7, 529241
What are the prime factors of 556506098?
2, 607, 458407
What are the prime factors of 96828765?
3, 5, 11, 586841
What are the prime factors of 4566140782?
2, 7, 71, 4593703
What are the prime factors of 32278570?
2, 5, 137, 23561
List the prime factors of 15833623.
13, 29, 41999
List the prime factors of 278214496.
2, 7, 1242029
What are the prime factors of 1624998462?
2, 3, 270833077
What are the prime factors of 121146239?
3889, 31151
List the prime factors of 5058737530.
2, 5, 7, 11, 23, 285643
List the prime factors of 169934884.
2, 7, 241, 25183
List the prime factors of 96546492.
2, 3, 7, 42569
What are the prime factors of 79388101?
13, 337, 18121
List the prime factors of 2789589304.
2, 1733, 201211
What are the prime factors of 7851395?
5, 23, 67, 1019
What are the prime factors of 1703905343?
7, 23, 107, 98909
What are the prime factors of 2097007942?
2, 67, 1709, 9157
What are the prime factors of 62048413?
7, 47, 113, 1669
What are the prime factors of 6555236?
2, 1638809
List the prime factors of 52197326.
2, 277, 94219
What are the prime factors of 4889450270?
2, 5, 8629, 56663
List the prime factors of 890743758.
2, 3, 29, 53, 96589
What are the prime factors of 371993121?
3, 29, 233, 2039
What are the prime factors of 123200433?
3, 401, 3793
What are the prime factors of 246347251?
246347251
List the prime factors of 50453529.
3, 7, 2402549
List the prime factors of 53718476.
2, 7, 1918517
What are the prime factors of 116246818?
2, 2099, 27691
What are the prime factors of 386030918?
2, 7, 13, 303007
What are the prime factors of 191046167?
13, 14695859
What are the prime factors of 3431768765?
5, 686353753
List the prime factors of 1286877615.
3, 5, 59, 1454099
What are the prime factors of 32167692?
2, 3, 101, 983
What are the prime factors of 62424158?
2, 19, 1642741
What are the prime factors of 126840088?
2, 59, 268729
List the prime factors of 32118004.
2, 8029501
List the prime factors of 1307242917.
3, 145249213
What are the prime factors of 16772738?
2, 233, 35993
What are the prime factors of 222043150?
2, 5, 7, 23, 27583
List the prime factors of 160085461.
160085461
List the prime factors of 3573464659.
127, 1657, 16981
What are the prime factors of 38054242?
2, 19027121
List the prime factors of 27333223.
23, 521, 2281
What are the prime factors of 66313525?
5, 43, 61687
List the prime factors of 3422319254.
2, 19, 90061033
What are the prime factors of 226664473?
7, 5557, 5827
What are the prime factors of 381092326?
2, 8179, 23297
List the prime factors of 14723866.
2, 1321, 5573
What are the prime factors of 788594250?
2, 3, 5, 1051459
List the prime factors of 1417761413.
79, 17946347
What are the prime factors of 533427106?
2, 31, 8603663
List the prime factors of 1432149191.
11, 31, 4199851
What are the prime factors of 54173076?
2, 3, 4514423
What are the prime factors of 156368558?
2, 78184279
What are the prime factors of 1122428915?
5, 41, 133543
What are the prime factors of 728237963?
728237963
List the prime factors of 62152769.
7, 107, 82981
What are the prime factors of 135245016?
2, 3, 1878403
List the prime factors of 2320655034.
2, 3, 149, 241, 10771
List the prime factors of 6232365346.
2, 47, 1847, 35897
List the prime factors of 746772200.
2, 5, 19, 196519
List the prime factors of 693581957.
1129, 614333
List the prime factors of 555519422.
2, 3803, 73037
What are the prime factors of 32077784?
2, 311, 12893
List the prime factors of 5840047326.
2, 3, 973341221
What are the prime factors of 658816